0 - -4 - 0).
31
Suppose -1048*u = -1098*u + 6450. Calculate the remainder when 3730 is divided by u.
118
Let l(q) be the first derivative of q**3/3 + 7*q**2/2 - 15*q - 27. Let i be l(2). What is the remainder when 0 + 879/9 + (-2)/i is divided by 7?
6
Suppose 340 = 4*i + 6*i. Suppose 0 = 2*k + 5*d - i, 0*k - 3*d + 54 = 4*k. Calculate the remainder when (-362)/(-7) + k/42 is divided by 14.
10
Suppose -44*j + 5696 = 4*h - 42*j, -2*h + j + 2856 = 0. Calculate the remainder when h is divided by 55.
51
Suppose -2*o - 2*x = -24, -o + 12 + 0 = -3*x. Suppose 0 = 6*w - o - 1200. What is the remainder when w is divided by 2 - (-45)/((-9)/(-3))?
15
Let r = 6013 + -5282. Calculate the remainder when r is divided by 12.
11
What is the remainder when 143 is divided by ((-81)/(-12))/((-12)/(-144))?
62
Suppose -9*o + 20 = -5*o. Suppose o*c = -30 + 5. Let y(g) = -g**3 - 4*g**2 + 3*g + 4. What is the remainder when 40 is divided by y(c)?
12
Suppose 107 = 4*j + 5*n, -34*j + 3*n = -35*j + 39. What is the remainder when 3220 is divided by j?
16
Suppose -4*x = s - 3, -2*x - 32 = -4*s + 2*x. Let v(k) = 4*k**2 + 18*k + 27. Calculate the remainder when v(s) is divided by 39.
37
Suppose 0 = -a + 5*i - 355, -5*a = -a - 2*i + 1492. Let z = 442 + a. Let j = 272 + -72. Calculate the remainder when j is divided by z.
66
Calculate the remainder when 1 - (12 + (11 - 261)) is divided by 92.
55
Suppose -5*v + 2*t + 847 = 0, -3*v + 3*t = 29 - 548. Calculate the remainder when v is divided by 45.
32
Suppose c = -5*c - 90. What is the remainder when c/10*(-1)/((-3)/(-130)) is divided by 19?
8
Suppose 7*c + 35*c = -18270. Let k = 499 + c. What is the remainder when k is divided by 14?
8
Let c(k) = -196*k**2 + 94*k**2 + 23 + 12*k + 118*k**2 + k**3. Calculate the remainder when 202 is divided by c(-15).
66
Calculate the remainder when 30 is divided by 15 + -25 - (-23 + -1).
2
Suppose -r + 47 = -14. Calculate the remainder when -20*37/74*89/(-5) is divided by r.
56
Suppose -38378*y + 38390*y = 38676. Calculate the remainder when y is divided by 214.
13
Let s(l) = 9 + l**3 + 4 + 14 - 4*l - 34*l + 17*l**2. Let g be s(-19). Suppose -5*x + g = -38. Calculate the remainder when 25 is divided by x.
12
Suppose 180*z - 1980 = 15*z. What is the remainder when 2178 is divided by z?
6
Suppose 636*b = 644*b - 48. Let l = -149 - -208. Calculate the remainder when l is divided by b.
5
Suppose -4*q - 5*a + 0 = 8, 0 = 2*q - 5*a + 34. Let f be (-854)/((-49)/q)*1/(-2). Let x = f - 50. What is the remainder when x is divided by 7?
4
Let b(n) = 2*n**2 - 18*n - 12. Let d be b(8). Let v = d - -40. Suppose 0*x - x - 9 = -4*c, 5*c - 3*x = 6. Calculate the remainder when v is divided by c.
0
Let n = 922 - -3206. Calculate the remainder when n is divided by 51.
48
Let x = -2277 + 2289. Let f(c) = c + 5. Let t be f(-5). Suppose -72 = -3*v - t*v. Calculate the remainder when v is divided by x.
0
Let b(w) = -4*w - 9. Suppose -20*x = -8*x + 540. Let q = x - -56. What is the remainder when b(-7) is divided by q?
8
Calculate the remainder when ((-7)/(31 - -11))/(1*2/(-996)) is divided by (-381)/(-9) + (-4)/(-6).
40
Let b be 1092/(-56) + 2/4. Calculate the remainder when 21 is divided by ((-3)/((-18)/(-4)))/(b/342).
9
Suppose 2*i = -5*l - 24, -i - 2*l = -7*l - 18. Let b(d) = 36*d**2 - d + 2. Calculate the remainder when b(i) is divided by 30.
28
Let g = 471 - 350. Calculate the remainder when g is divided by 65.
56
Suppose 2*c = -1071*t + 1066*t + 141, 0 = 4*t + c - 120. Let l be (-52)/14 + (-8)/28. Let d = 2 - l. Calculate the remainder when t is divided by d.
3
Let h(d) = 10*d**3 - 4*d**2 - d + 9. Calculate the remainder when h(4) is divided by 21.
14
Suppose -33*b + 60*b = 4158. Let w = -3 + b. Calculate the remainder when w is divided by 54.
43
Let d(i) = i**2 - 2*i - 22. Let t(v) = -v**2 + 18*v - 49. Let j be t(14). Calculate the remainder when 76 is divided by d(j).
11
Suppose -3*n + 4*z = 11 - 9, 2*z = -2*n + 8. Suppose -2*g = 2*t - 22, -5*t = -n*t + 5*g - 23. Calculate the remainder when 925 is divided by t.
13
Let k = 3118 + -2844. Calculate the remainder when k is divided by 113.
48
Suppose -74895*u = -74938*u + 10019. What is the remainder when 1391 is divided by u?
226
Let q = 135 + -139. What is the remainder when 35 is divided by -12*(q + 35/10)?
5
Suppose 4*x - 114*b + 111*b = 107, 5*b - 99 = -2*x. Let t = 63 - 44. Let q = 31 - t. Calculate the remainder when x is divided by q.
8
Let u = 2358 - 1878. What is the remainder when u is divided by 54?
48
Let i be 3*8/6 + -9 + 5. Suppose -o + 13 = -i. Calculate the remainder when 74 is divided by o.
9
Let u = 82 + -37. Let l = u - -25. What is the remainder when l is divided by 37?
33
Let s(h) = 37*h**2 + 3*h + 1. Let a be s(-2). Let g = 164 - a. What is the remainder when 80 is divided by g?
17
Let g(c) = -c**3 + 7*c**2 + 1. Let t be g(7). Calculate the remainder when 108 is divided by (t + -2)*3 - -59.
52
What is the remainder when ((-2)/4)/((391/(-6834))/23) is divided by 34?
31
Suppose 59 = -4*y - 97. Let s = 74 + y. Suppose 4*f - 3*c = -5*c + 412, -c + 105 = f. Calculate the remainder when f is divided by s.
31
Suppose 0 = 3*m - 6*m - 3*y + 513, 0 = -5*m + 3*y + 895. Suppose 12*l = m + 52. Calculate the remainder when 29 is divided by l.
10
Suppose -27*w + 5*w + 1470 = 20*w. What is the remainder when 2166 is divided by w?
31
Suppose -10*g = -g - 63. Suppose -3*d - 228 = -l, -3*l + 3*d + d + 709 = 0. What is the remainder when l is divided by g?
5
Suppose -1053*v + 1056*v = 2*f + 716, 3*v + 4*f = 710. What is the remainder when v is divided by 23 - (-5)/((-10)/6)?
18
Let d be 1576/48 - 1/(-6). Let w = 31 - d. What is the remainder when 87 is divided by (-176)/(-10) - w/5?
15
Suppose 180 = -50*j + 780 + 150. Calculate the remainder when j is divided by -1*2*(-5 + 0).
5
Let u be (-29)/(-174) + 86/(-12). What is the remainder when 2 - (2709/u - 1) is divided by 14?
12
Let k(h) = h**3 + h**2 + 2*h + 58. Let v = -6207 + 6228. Calculate the remainder when k(0) is divided by v.
16
Suppose -3*r - 4*l = -144 - 39, -3*r + 5*l + 183 = 0. Let g = 42927 + -42893. Calculate the remainder when r is divided by g.
27
Suppose 3*a - 668 = -a. What is the remainder when a is divided by (4 - 258/39)*1352/(-208)?
14
Suppose -b + x + 3*x = 82, -5*b = 2*x + 366. Let h = b - -91. What is the remainder when 65 is divided by h?
14
Let l(b) = 12*b**2 + 3*b - 4. Suppose -116*v + 1403 = -3005. What is the remainder when l(3) is divided by v?
37
Suppose 2*f - 3*h - h = 38, 5*f + 4*h - 137 = 0. Calculate the remainder when ((-234)/(-8) - 11)/((-3)/(-12)) is divided by f.
23
Let n = 3641 + -6586. Calculate the remainder when 30 is divided by (2/(-10))/(31/n).
11
Calculate the remainder when (3 - 1) + -457*(-6 + 5) is divided by 99.
63
Let o(d) = d**2 + 39*d - 1133. What is the remainder when o(20) is divided by 15?
2
Let f = 664 + -636. Suppose -2*d - 2*k + 44 = 0, -2*d = -23*k + f*k - 50. Calculate the remainder when 127 is divided by d.
7
Suppose 9*d + 400 = 17*d. Suppose 0 = -48*w + d*w - 14. Calculate the remainder when 29 is divided by w.
1
Let y be 10/(54/26 + -2). Let k(x) = -x**2 - 15*x + 445. Let f be k(-30). What is the remainder when (5/(-2))/(f/y) is divided by 23?
19
Suppose -1848 = -s - 3*w, 0 = -2*s - 611*w + 608*w + 3711. What is the remainder when s is divided by 170?
163
Let i = 335 - 298. Let j = 289 - -3. Suppose 4*g + j = 8*g. What is the remainder when g is divided by i?
36
Suppose 0 = 3*k - 497 + 191. Suppose -b = 2*b - k. Suppose 0 = -14*m + 16*m - b. Calculate the remainder when 49 is divided by m.
15
Let m = 85 - 78. Suppose 0 = -m*n + 19*n + 696. Let w = n + 97. What is the remainder when 115 is divided by w?
37
Let c = 13340 + -12430. What is the remainder when c is divided by 46?
36
Suppose 0 = -9*w - 74 + 74. Let s be 53/3 - 4/6. Suppose s*c - 16*c - 9 = w. Calculate the remainder when 61 is divided by c.
7
Suppose 1822 + 1378 = -4*x + 29*x. Calculate the remainder when 637 is divided by x.
125
Suppose -l + 4*l - 12 = 0. Let u = 1276 + -1271. Suppose 2*d - 2*t = -u*t + 22, -l*d = -4*t - 84. Calculate the remainder when 49 is divided by d.
15
Let l(u) = -u. Let y(n) = -4*n + 47. Let z(x) = -3*l(x) - y(x). What is the remainder when 110 is divided by z(